nvert -2 (base 14) to base 12.
-2
Convert -132 (base 4) to base 7.
-42
What is 1 (base 5) in base 2?
1
Convert 11203 (base 4) to base 9.
434
-1a (base 11) to base 13
-18
110 (base 2) to base 6
10
Convert 3 (base 12) to base 11.
3
Convert -9 (base 10) to base 5.
-14
What is -111 (base 2) in base 10?
-7
What is -7 (base 13) in base 14?
-7
Convert -22 (base 6) to base 12.
-12
What is a3 (base 12) in base 3?
11120
Convert 100 (base 2) to base 8.
4
What is 9 (base 13) in base 16?
9
Convert -1100010 (base 2) to base 4.
-1202
What is 4 (base 10) in base 8?
4
Convert -11 (base 4) to base 15.
-5
What is -1001110 (base 2) in base 14?
-58
What is 12 (base 4) in base 7?
6
Convert -331 (base 7) to base 9.
-207
Convert -24 (base 11) to base 10.
-26
Convert 0 (base 6) to base 15.
0
What is -2 (base 4) in base 13?
-2
What is -10011 (base 2) in base 13?
-16
What is 13 (base 8) in base 2?
1011
Convert 4 (base 14) to base 12.
4
Convert 4 (base 10) to base 3.
11
8 (base 12) to base 14
8
Convert -7 (base 16) to base 3.
-21
What is -9c (base 15) in base 5?
-1042
Convert -148 (base 9) to base 5.
-1000
What is 210 (base 6) in base 15?
53
Convert -41 (base 16) to base 12.
-55
Convert 17 (base 16) to base 3.
212
-2 (base 5) to base 8
-2
-244 (base 5) to base 8
-112
What is -1 (base 15) in base 5?
-1
Convert 4 (base 7) to base 11.
4
Convert -1001 (base 2) to base 14.
-9
What is 4 (base 16) in base 11?
4
Convert 1110 (base 2) to base 14.
10
What is 0 (base 16) in base 4?
0
What is 9 (base 16) in base 7?
12
What is d2 (base 15) in base 16?
c5
What is -2 (base 15) in base 13?
-2
Convert -55 (base 11) to base 2.
-111100
Convert -10220 (base 3) to base 13.
-81
What is -26 (base 8) in base 13?
-19
Convert 67 (base 9) to base 3.
2021
Convert 1 (base 8) to base 10.
1
Convert 8 (base 15) to base 13.
8
What is 11 (base 11) in base 3?
110
Convert 21 (base 12) to base 2.
11001
Convert 4 (base 7) to base 6.
4
What is 2 (base 5) in base 4?
2
What is -3 (base 12) in base 7?
-3
16 (base 13) to base 6
31
-37 (base 14) to base 3
-1211
-a (base 14) to base 9
-11
-10 (base 2) to base 14
-2
What is 102 (base 9) in base 7?
146
-10 (base 6) to base 7
-6
Convert 0 (base 11) to base 2.
0
Convert 110 (base 3) to base 11.
11
-2210 (base 3) to base 4
-1023
Convert -124 (base 13) to base 3.
-21101
Convert -7 (base 11) to base 12.
-7
-1003 (base 4) to base 16
-43
What is -4 (base 9) in base 3?
-11
4 (base 9) to base 5
4
Convert 1 (base 6) to base 4.
1
What is 2 (base 16) in base 4?
2
Convert -12 (base 10) to base 7.
-15
Convert 4 (base 11) to base 6.
4
-147 (base 14) to base 11
-216
Convert 3 (base 10) to base 9.
3
-1 (base 11) to base 14
-1
103 (base 6) to base 5
124
Convert -235 (base 6) to base 9.
-115
3 (base 15) to base 11
3
10212 (base 3) to base 13
80
1 (base 10) to base 12
1
What is -1333 (base 4) in base 15?
-87
27 (base 11) to base 6
45
2 (base 14) to base 4
2
What is -111010 (base 2) in base 11?
-53
What is 5 (base 11) in base 16?
5
Convert -11 (base 5) to base 2.
-110
-11 (base 3) to base 11
-4
What is 22 (base 6) in base 4?
32
-50 (base 9) to base 5
-140
-13 (base 4) to base 8
-7
154 (base 9) to base 2
10000010
What is 1 (base 5) in base 12?
1
What is 12 (base 13) in base 6?
23
-1010101 (base 2) to base 11
-78
12 (base 14) to base 8
20
-6 (base 13) to base 11
-6
What is 1c (base 13) in base 4?
121
3 (base 6) to base 8
3
35 (base 11) to base 6
102
What is -4 (base 16) in base 2?
-100
Convert 4a (base 11) to base 16.
36
Convert 6 (base 12) to base 6.
10
2 (base 5) to base 2
10
What is 80 (base 11) in base 6?
224
-7 (base 8) to base 9
-7
Convert 32 (base 9) to base 14.
21
What is -321 (base 6) in base 8?
-171
What is 43 (base 14) in base 8?
73
Convert -4 (base 10) to base 14.
-4
Convert 31 (base 4) to base 14.
d
Convert -3 (base 8) to base 12.
-3
What is -1 (base 5) in base 7?
-1
Convert 100001 (base 2) to base 13.
27
-24 (base 15) to base 9
-37
Convert 35 (base 15) to base 11.
46
Convert -3 (base 5) to base 14.
-3
5 (base 10) to base 15
5
Convert 100101 (base 2) to base 6.
101
Convert 5 (base 8) to base 10.
5
Convert 5 (base 16) to base 7.
5
Convert 21 (base 4) to base 16.
9
What is 85 (base 12) in base 5?
401
0 (base 4) to base 12
0
Convert 6 (base 16) to base 2.
110
Convert -101 (base 3) to base 7.
-13
Convert -57 (base 15) to base 6.
-214
-1 (base 7) to base 5
-1
Convert -120 (base 11) to base 3.
-12022
What is 2 (base 9) in base 7?
2
What is -2 (base 7) in base 2?
-10
What is 4 (base 9) in base 6?
4
-26 (base 14) to base 13
-28
What is -4 (base 13) in base 15?
-4
12 (base 12) to base 4
32
What is 5 (base 6) in base 3?
12
3 (base 7) to base 11
3
126 (base 11) to base 15
9e
What is 82 (base 10) in base 9?
101
1 (base 3) to base 11
1
-10 (base 2) to base 13
-2
Convert 14 (base 14) to base 13.
15
Convert c (base 13) to base 3.
110
-4 (base 16) to base 6
-4
What is 1 (base 2) in base 8?
1
Convert 2301 (base 5) to base 6.
1302
21 (base 5) to base 6
15
e2 (base 15) to base 13
134
0 (base 9) to base 2
0
-1111010 (base 2) to base 11
-101
Convert 1 (base 6) to base 5.
1
-82 (base 10) to base 4
-1102
194 (base 10) to base 4
3002
-2 (base 13) to base 12
-2
What is -14 (base 7) in base 4?
-23
What is -a1 (base 11) in base 3?
-11010
What is 0 (base 7) in base 2?
0
Convert 88 (base 12) to base 9.
125
-c9 (base 15) to base 16
-bd
-94 (base 11) to base 2
-1100111
-167 (base 14) to base 16
-11f
What is 23 (base 8) in base 12?
17
What is -20 (base 12) in base 11?
-22
-23 (base 16) to base 9
-38
Convert 29 (base 12) to base 7.
45
Convert -25 (base 11) to base 10.
-27
1 (base 10) to base 8
1
-20211 (base 3) to base 15
-c4
Convert -117 (base 8) to base 2.
-1001111
Convert 3220 (base 4) to base 2.
11101000
Convert -44 (base 5) to base 10.
-24
What is -2 (base 7) in base 15?
-2
Convert -1011 (base 2) to base 14.
-b
187 (base 10) to base 4
2323
Convert -5 (base 10) to base 2.
-101
What is 1 (base 4) in base 15?
1
Convert -25 (base 10) to base 3.
-221
What is 2 (base 9) in base 15?
2
162 (base 9) to base 6
345
What is dd (base 14) in base 16?
c3
Convert 10 (base 14) to base 9.
15
What is 13 (base 7) in base 15?
a
What is 0 (base 13) in base 6?
0
Convert -11 (base 4) to base 11.
-5
What is 8 (base 11) in base 16?
8
e (base 16) to base 10
14
Convert 9 (base 16) to base 13.
9
2 (base 5) to base 11
2
Convert 110 (base 2) to base 7.
6
2 (base 13) to base 16
2
Convert 36 (base 16) to base 4.
312
Convert 103 (base 12) to base 16.
93
Convert -1 (base 16) to base 12.
-1
Convert -13 (base 7) to base 4.
-22
-4 (base 7) to base 11
-4
Convert -120 (base 9) to base 8.
-143
-3 (base 7) to base 10
-3
-111211 (base 3) to base 13
-229
What is 1112 (base 3) in base 13?
32
Convert 9 (base 10) to base 5.
14
What is c0 (base 15) in base 9?
220
-226 (base 7) to base 14
-86
What is -3 (base 13) in base 12?
-3
What is 100000 (base 3) in base 7?
465
Convert 5 (base 9) to base 11.
5
-1 (base 14) to base 15
-1
Convert a5 (base 12) to base 3.
11122
Convert -4 (base 9) to base 5.
-4
-5 (base 11) to base 10
-5
What is -25 (base 10) in base 12?
-21
Convert -5 (base 10) to base 16.
-5
What is -92 (base 11) in base 9?
-122
-4 (base 12) to base 8
-4
-21 (base 5) to base 10
-11
Convert 112 (base 3) to base 12.
12
What is 111 (base 9) in base 16?
5b
2212 (base 3) to base 5
302
What is -74 (base 8) in base 16?
-3c
What is 144 (base 7) in base 9?
100
What is 2 (base 6) in base 8?
2
4 (base 9) to base 2
100
What is -15 (base 11) in base 16?
-10
What is -13 (base 16) in base 13?
-16
21 (base 4) to base 6
13
Convert -2 (base 7) to base 16.
-2
Convert 40 (base 7) to base 10.
28
-2 (base 9) to base 5
-2
0 (base 10) to base 13
0
Convert 0 (base 15) to base 11.
0
111010 (base 2) to base 15
3d
Convert 1 (base 14) to base 2.
1
Convert -6 (base 10) to base 5.
-11
Convert -43 (base 14) to base 13.
-47
-1 (base 11) to base 7
-1
Convert 0 (base 16) to base 9.
0
Convert 4a (base 13) to base 11.
57
Convert 1 (base 15) to base 4.
1
-3 (base 5) to base 10
-3
-1 (base 6) to base 13
-1
What is -24 (base 10) in base 5?
-44
What is -1011 (base 3) in base 12?
-27
-102 (base 6) to base 15
-28
What is 26 (base 8) in base 6?
34
Convert 21 (base 3) to base 13.
7
-110 (base 2) to base 15
-6
What is 11 (base 3) in base 5?
4
Convert -222 (base 3) to base 8.
-32
What is 6 